6
What is the units digit of 149245?
5
What is the tens digit of 100831?
3
What is the hundreds digit of 969?
9
What is the hundreds digit of 3380?
3
What is the hundreds digit of 7314?
3
What is the hundreds digit of 9974?
9
What is the tens digit of 3948?
4
What is the units digit of 59088?
8
What is the tens digit of 1295?
9
What is the tens digit of 2979?
7
What is the hundreds digit of 4779?
7
What is the thousands digit of 2969?
2
What is the units digit of 2429?
9
What is the hundreds digit of 16297?
2
What is the thousands digit of 3376?
3
What is the thousands digit of 1203?
1
What is the ten thousands digit of 23762?
2
What is the tens digit of 15752?
5
What is the thousands digit of 96212?
6
What is the units digit of 64440?
0
What is the units digit of 5723?
3
What is the tens digit of 15169?
6
What is the units digit of 34131?
1
What is the tens digit of 32?
3
What is the tens digit of 359?
5
What is the thousands digit of 15454?
5
What is the ten thousands digit of 28998?
2
What is the hundreds digit of 9647?
6
What is the tens digit of 774?
7
What is the tens digit of 3793?
9
What is the units digit of 20368?
8
What is the units digit of 4463?
3
What is the hundreds digit of 3528?
5
What is the tens digit of 15?
1
What is the hundred thousands digit of 141563?
1
What is the hundreds digit of 7488?
4
What is the units digit of 2258?
8
What is the tens digit of 928?
2
What is the units digit of 33991?
1
What is the thousands digit of 13574?
3
What is the tens digit of 113329?
2
What is the units digit of 40681?
1
What is the hundreds digit of 70783?
7
What is the thousands digit of 1221?
1
What is the thousands digit of 25987?
5
What is the tens digit of 506?
0
What is the thousands digit of 17133?
7
What is the tens digit of 131255?
5
What is the thousands digit of 8442?
8
What is the ten thousands digit of 10925?
1
What is the thousands digit of 2222?
2
What is the hundreds digit of 1963?
9
What is the units digit of 5116?
6
What is the units digit of 5211?
1
What is the ten thousands digit of 10753?
1
What is the hundreds digit of 135?
1
What is the hundreds digit of 829?
8
What is the tens digit of 231?
3
What is the thousands digit of 5408?
5
What is the tens digit of 15423?
2
What is the hundreds digit of 47876?
8
What is the tens digit of 644?
4
What is the hundreds digit of 13072?
0
What is the tens digit of 749?
4
What is the ten thousands digit of 130626?
3
What is the hundreds digit of 1317?
3
What is the ten thousands digit of 10242?
1
What is the tens digit of 1886?
8
What is the tens digit of 26505?
0
What is the tens digit of 42787?
8
What is the hundreds digit of 1782?
7
What is the tens digit of 73573?
7
What is the units digit of 1321?
1
What is the units digit of 2315?
5
What is the ten thousands digit of 33772?
3
What is the units digit of 1515?
5
What is the hundreds digit of 1655?
6
What is the tens digit of 33212?
1
What is the units digit of 2387?
7
What is the tens digit of 1750?
5
What is the tens digit of 6575?
7
What is the hundreds digit of 736?
7
What is the hundreds digit of 1926?
9
What is the thousands digit of 5380?
5
What is the hundreds digit of 17111?
1
What is the thousands digit of 1765?
1
What is the tens digit of 31824?
2
What is the hundreds digit of 1112?
1
What is the hundred thousands digit of 104737?
1
What is the units digit of 109070?
0
What is the units digit of 3062?
2
What is the hundreds digit of 626?
6
What is the hundreds digit of 32931?
9
What is the tens digit of 12663?
6
What is the ten thousands digit of 24869?
2
What is the ten thousands digit of 52580?
5
What is the hundreds digit of 2073?
0
What is the units digit of 9304?
4
What is the hundreds digit of 1058?
0
What is the tens digit of 2677?
7
What is the ten thousands digit of 45950?
4
What is the thousands digit of 6671?
6
What is the hundreds digit of 10069?
0
What is the units digit of 1791?
1
What is the units digit of 36664?
4
What is the hundreds digit of 374?
3
What is the tens digit of 1880?
8
What is the units digit of 22239?
9
What is the hundreds digit of 46489?
4
What is the hundreds digit of 1329?
3
What is the hundreds digit of 5995?
9
What is the tens digit of 46?
4
What is the hundreds digit of 8085?
0
What is the hundreds digit of 1524?
5
What is the thousands digit of 90496?
0
What is the units digit of 422?
2
What is the units digit of 185504?
4
What is the hundreds digit of 793?
7
What is the thousands digit of 1030?
1
What is the units digit of 32330?
0
What is the units digit of 60007?
7
What is the thousands digit of 11533?
1
What is the thousands digit of 1703?
1
What is the hundreds digit of 170?
1
What is the hundreds digit of 5017?
0
What is the tens digit of 6924?
2
What is the tens digit of 2122?
2
What is the units digit of 2232?
2
What is the thousands digit of 4556?
4
What is the hundreds digit of 1157?
1
What is the units digit of 3275?
5
What is the units digit of 1059?
9
What is the tens digit of 120689?
8
What is the thousands digit of 3058?
3
What is the hundreds digit of 6471?
4
What is the tens digit of 24412?
1
What is the ten thousands digit of 105827?
0
What is the hundreds digit of 15871?
8
What is the thousands digit of 18977?
8
What is the thousands digit of 7019?
7
What is the tens digit of 4508?
0
What is the tens digit of 3697?
9
What is the units digit of 2602?
2
What is the tens digit of 682?
8
What is the units digit of 2389?
9
What is the thousands digit of 8083?
8
What is the units digit of 9941?
1
What is the hundreds digit of 195096?
0
What is the thousands digit of 2510?
2
What is the thousands digit of 11445?
1
What is the thousands digit of 14463?
4
What is the tens digit of 3670?
7
What is the hundreds digit of 4700?
7
What is the units digit of 6832?
2
What is the units digit of 712?
2
What is the hundred thousands digit of 178395?
1
What is the tens digit of 35494?
9
What is the ten thousands digit of 11287?
1
What is the hundreds digit of 513?
5
What is the tens digit of 16189?
8
What is the units digit of 13918?
8
What is the thousands digit of 11964?
1
What is the thousands digit of 56914?
6
What is the hundreds digit of 1187?
1
What is the thousands digit of 1061?
1
What is the hundreds digit of 88826?
8
What is the units digit of 118?
8
What is the tens digit of 24360?
6
What is the tens digit of 12622?
2
What is the thousands digit of 8863?
8
What is the units digit of 16219?
9
What is the hundred thousands digit of 150908?
1
What is the units digit of 2630?
0
What is the thousands digit of 3495?
3
What is the thousands digit of 10617?
0
What is the hundreds digit of 1896?
8
What is the tens digit of 89063?
6
What is the hundreds digit of 749?
7
What is the tens digit of 274?
7
What is the hundreds digit of 12505?
5
What is the hundreds digit of 38545?
5
What is the ten thousands digit of 47116?
4
What is the tens digit of 7669?
6
What is the units digit of 3534?
4
What is the tens digit of 9804?
0
What is the units digit of 6990?
0
What is the units digit of 20184?
4
What is the tens digit of 38327?
2
What is the tens digit of 3780?
8
What is the thousands digit of 33080?
3
What is the thousands digit of 124563?
4
What is the ten thousands digit of 15602?
1
What is the tens digit of 13802?
0
What is the tens digit of 493?
9
What is the tens digit of 1133?
3
What is the hundreds digit of 1103?
1
What is the thousands digit of 1121?
1
What is the hundreds digit of 12011?
0
What is the ten thousands digit of 53241?
5
What is the units digit of 617?
7
What is the hundreds digit of 5784?
7
What is the tens digit of 2107?
0
What is the thousands digit of 26914?
6
What is the thousands digit of 17718?
7
What is the ten thousands digit of 68276?
6
What is the units digit of 94983?
3
What is the tens digit of 11156?
5
What is the hundreds digit of 439?
4
What is the tens digit of 3090?
9
What is the thousands digit of 3061?
3
What is the tens digit of 65770?
7
What is the units digit of 1221?
1
What is the thousands digit of 1119?
1
What is the units digit of 14777?
7
What is the hundreds digit of 927?
9
What is the ten thousands digit of 111792?
1
What is the hundreds digit of 9202?
2
What is the units digit of 30733?
3
What is the tens digit of 14164?
6